10110110?
-100010
In base 11, what is 1a24 - -588?
2501
In base 3, what is -21 - 200022121?
-200022212
In base 5, what is -233 + -4014?
-4302
In base 10, what is -4 + 710606?
710602
In base 11, what is 0 + 15929?
15929
In base 16, what is 345 - -e?
353
In base 4, what is 10003 + 233?
10302
In base 4, what is 30123123 - 10?
30123113
In base 13, what is -346 + 1bb?
-158
In base 8, what is 74 + 20052?
20146
In base 2, what is -11 - 101110001100010011?
-101110001100010110
In base 12, what is 3 - 722301?
-7222ba
In base 4, what is -2 - -23313?
23311
In base 5, what is -4 - 234211?
-234220
In base 16, what is 253 - -191c?
1b6f
In base 13, what is -139 + -b77?
-cb3
In base 8, what is -1325 + -775?
-2322
In base 13, what is 1 - 1a36?
-1a35
In base 12, what is 44024 - 0?
44024
In base 3, what is -1200 - 1011222211?
-1012001111
In base 10, what is 339 + -1408?
-1069
In base 15, what is 12e5 - -47?
133c
In base 15, what is 3 - -49b4?
49b7
In base 6, what is -3 - -410432?
410425
In base 16, what is -2db5 + -74?
-2e29
In base 9, what is -5243 + 6?
-5236
In base 4, what is -2031 - -123013?
120322
In base 12, what is -68 - 175?
-221
In base 6, what is 11120330 + 3?
11120333
In base 13, what is 2 + -2a913?
-2a911
In base 9, what is 183 - -438?
632
In base 9, what is -12 - -36227?
36215
In base 11, what is -90974 + 5?
-9096a
In base 2, what is 10001110011 - -111?
10001111010
In base 15, what is -3 - 759?
-75c
In base 12, what is -3 - 1846a?
-18471
In base 15, what is -61 - -1513?
14a2
In base 7, what is 55 - -445105?
445163
In base 7, what is -4 - -5115?
5111
In base 15, what is 10 + 2618?
2628
In base 13, what is 35897 + 2?
35899
In base 15, what is -38bc + 219?
-36a3
In base 13, what is 4 + 17648?
1764c
In base 9, what is 47575 - 2?
47573
In base 14, what is 67625 + -4?
67621
In base 6, what is 1030104 - 110?
1025554
In base 13, what is -46b20 - 0?
-46b20
In base 6, what is -1443 + 21054?
15211
In base 8, what is -653 - -527?
-124
In base 8, what is -110727 - 7?
-110736
In base 13, what is -4569 + 4?
-4565
In base 5, what is 40 - 400422?
-400332
In base 14, what is -2a - 28d6?
-2922
In base 14, what is 4ca3a - 9?
4ca31
In base 7, what is -656254 + -3?
-656260
In base 7, what is -11 - 152121?
-152132
In base 10, what is -668 - -239?
-429
In base 16, what is -24683 - -2?
-24681
In base 7, what is -1560136 - 14?
-1560153
In base 2, what is -1101100110 - 11100100?
-10001001010
In base 13, what is -ab5 + -313?
-10c8
In base 4, what is 103 - -10003?
10112
In base 14, what is 206358 + 5?
20635d
In base 14, what is -b89 - -579?
-610
In base 3, what is 2 - 2200210020?
-2200210011
In base 9, what is 5814 + 0?
5814
In base 13, what is -20090 - 3?
-20093
In base 2, what is -10100010110010100010 - 0?
-10100010110010100010
In base 13, what is -8ba + 11?
-8a9
In base 4, what is 3 - 130110113?
-130110110
In base 13, what is -473 + -3?
-476
In base 8, what is 3 - -220456?
220461
In base 15, what is 2624 + 62?
2686
In base 8, what is 1 + 127216?
127217
In base 8, what is 266 + 15603?
16071
In base 2, what is -11 - 11011100101101000?
-11011100101101011
In base 16, what is 337c - 0?
337c
In base 15, what is -5 - -eb81?
eb7b
In base 9, what is -2007 + 12?
-1885
In base 8, what is 3427 + 150?
3577
In base 5, what is 34 + -104422201?
-104422112
In base 6, what is 1424 + -30524?
-25100
In base 13, what is -3c5987 + 3?
-3c5984
In base 8, what is -25072 - -5?
-25065
In base 3, what is 1111012 + -1?
1111011
In base 14, what is 6 + -2a5c?
-2a56
In base 13, what is -67 - -889?
822
In base 16, what is 276 + -37?
23f
In base 16, what is 8 + -174b?
-1743
In base 16, what is -5f + 9c?
3d
In base 12, what is -63a - -237?
-403
In base 4, what is -3030313 - 3?
-3030322
In base 4, what is -10010323110 + 1?
-10010323103
In base 12, what is 2 + 71a70?
71a72
In base 5, what is -1201 - 32322?
-34023
In base 11, what is -341 - -58?
-294
In base 11, what is 75057 + 1?
75058
In base 5, what is 114242014 - 20?
114241444
In base 4, what is 203 + 212001?
212210
In base 7, what is -5 + 654325?
654320
In base 7, what is -635020 + -1?
-635021
In base 9, what is 1751 + 610?
2461
In base 14, what is -2 - b15a6?
-b15a8
In base 2, what is -100100 + 100000100?
11100000
In base 15, what is -d82 - 4?
-d86
In base 8, what is 34502 + 1?
34503
In base 14, what is 13269 + -64?
13205
In base 8, what is 116 + 754?
1072
In base 10, what is 19 + 1845?
1864
In base 4, what is -30203222 - 12?
-30203300
In base 7, what is 14 + 3246?
3263
In base 12, what is 102 - 5a48?
-5946
In base 11, what is 54a4 + 105?
55a9
In base 8, what is 3 + -201672?
-201667
In base 11, what is -19661 - -1?
-19660
In base 4, what is 1 - -330221?
330222
In base 3, what is 1 - 101022011?
-101022010
In base 4, what is 2133 + 22212?
31011
In base 12, what is 8a + 1249?
1317
In base 5, what is -1004 + 232312?
231303
In base 9, what is -1346621 - -2?
-1346618
In base 4, what is -21131 + -30?
-21221
In base 10, what is -3 + -1907?
-1910
In base 6, what is -54 - -2204?
2110
In base 5, what is 0 + -24242?
-24242
In base 13, what is bac2 + -1c?
baa3
In base 7, what is 22 - -56565?
56620
In base 13, what is 13663 - 4?
1365c
In base 11, what is 113987a + 2?
1139881
In base 13, what is -33 + 344?
311
In base 12, what is -7a79 - -3?
-7a76
In base 15, what is 2 - 17421?
-1741e
In base 5, what is -3 - -10402?
10344
In base 12, what is -1aa - 537?
-725
In base 6, what is -2343110 + 14?
-2343052
In base 6, what is 113 - -12244?
12401
In base 7, what is 14 - -5320?
5334
In base 9, what is -3 - -77384?
77381
In base 2, what is 11001101001 - 11100?
11001001101
In base 4, what is -10001011 - 2212?
-10003223
In base 10, what is -852 - -123?
-729
In base 2, what is -11010 - 1010001110?
-1010101000
In base 9, what is -40 - -2386?
2346
In base 3, what is -1021000011 - -1?
-1021000010
In base 11, what is 84 - -621?
6a5
In base 8, what is -4 - -51640?
51634
In base 3, what is 12110001 + 10100?
12120101
In base 10, what is 28439 + 0?
28439
In base 5, what is -431042 + -20?
-431112
In base 7, what is -106154 + -32?
-106216
In base 6, what is -1 - 10302120?
-10302121
In base 4, what is 3310 - -23000?
32310
In base 13, what is 2b36b + -1?
2b36a
In base 7, what is -10 + -2114?
-2124
In base 16, what is -5 - ef4?
-ef9
In base 5, what is 101301 + -1?
101300
In base 16, what is 0 - -1346d?
1346d
In base 12, what is 579 + 2b?
5a8
In base 9, what is -152 + 48328?
48166
In base 7, what is 53225 + 445?
54003
In base 4, what is 2120 - 2030?
30
In base 6, what is -504 - -421?
-43
In base 5, what is -122 + 12211?
12034
In base 12, what is -35866 - -8?
-3585a
In base 12, what is 36 - -2a8?
322
In base 15, what is -3 + -19bb4?
-19bb7
In base 9, what is 201 + -50?
141
In base 9, what is -126374 - -75?
-126288
In base 4, what is -12232 + -312211?
-331103
In base 16, what is 5 + 2b1e?
2b23
In base 16, what is -26c9b - -2?
-26c99
In base 8, what is 2 - -337141?
337143
In base 10, what is 2852 + -417?
2435
In base 6, what is 11 - -14112?
14123
In base 14, what is -3a9a - -25?
-3a75
In base 11, what is -182095 + 2?
-182093
In base 11, what is 87 - 1a68?
-1991
In base 5, what is -1402 - 11312?
-13214
In base 5, what is -2432113 + -11?
-2432124
In base 14, what is -4 + 171293?
17128d
In base 6, what is 21424 - -101?
21525
In base 14, what is -342 - -2d2?
-50
In base 12, what is -a1a + -113?
-b31
In base 12, what is -13 - 644b?
-6462
In base 15, what is -1b + 3e?
23
In base 13, what is -7bac9b + 4?
-7bac97
In base 8, what is -1171 - -207?
-762
In base 15, what is 11 + 6ae?
6c0
In base 9, what is -1 + 228070?
228068
In base 16, what is 4 - -8ca7a?
8ca7e
In base 12, what is -a - 22a2?
-22b0
In base 6, what is -3323 + 312?
-3011
In base 4, what is 10302 + -1033?
3203
In base 9, what is 28 + -12078?
-12050
In base 13, what is -110a + -41?
-114b
In base 16, what is -1 + -1164?
-1165
In base 9, what is 8476 - -1245?
10732
In base 10, what is 3 - 271098?
-271095
In base 7, what is 21 - -356?
410
In base 11, what is 49 - -1a1a?
1a68
In base 8, what is -1 + 2646630?
2646627
In base 10, what is -1694 + -21?
-1715
In base 10, what is -5713 - 1?
-5714
In base 15, what is -45 + 717?
6c2
In base 9, what is -772 + 53?
-718
In base 14, what is -5 + 637bc?
637b7
In base 15, what is -4d03 - e?
-4d12
In base 2, what